{"id":8955,"date":"2023-04-12T16:39:19","date_gmt":"2023-04-12T14:39:19","guid":{"rendered":"http:\/\/www.jeanmoulinmarmande.fr\/?page_id=8955"},"modified":"2023-04-12T16:39:19","modified_gmt":"2023-04-12T14:39:19","slug":"lulis","status":"publish","type":"page","link":"https:\/\/www.jeanmoulinmarmande.fr\/?page_id=8955","title":{"rendered":"L&rsquo;ULIS"},"content":{"rendered":"<p>Les&nbsp;<b>Ulis<\/b>&nbsp;constituent un dispositif qui offre aux \u00e9l\u00e8ves qui en b\u00e9n\u00e9ficient une organisation p\u00e9dagogique adapt\u00e9e \u00e0 leurs besoins ainsi&nbsp;<b>que<\/b>&nbsp;des enseignements adapt\u00e9s dans le cadre de regroupement et permet la mise en \u0153uvre de leurs projets personnalis\u00e9s de scolarisation.<\/p>\n<p>La classe ULIS de Jean Moulin accueille une douzaine d&rsquo;\u00e9l\u00e8ves en situation de handicap. Ils sont accompagn\u00e9s au quotidien par une coordinatrice ULIS et une AESH collective.&nbsp;<\/p>\n<p>Pour en savoir + :<a href=\"https:\/\/www.education.gouv.fr\/bo\/15\/Hebdo31\/MENE1504950C.htm#:~:text=Les%20Ulis%20constituent%20un%20dispositif,leurs%20projets%20personnalis%C3%A9s%20de%20scolarisation.\">https:\/\/www.education.gouv.fr\/bo\/15\/Hebdo31\/MENE1504950C.htm#:~:text=Les%20Ulis%20constituent%20un%20dispositif,leurs%20projets%20personnalis%C3%A9s%20de%20scolarisation.<\/a><\/p>\n","protected":false},"excerpt":{"rendered":"<p>Les&nbsp;Ulis&nbsp;constituent un dispositif qui offre aux \u00e9l\u00e8ves qui en b\u00e9n\u00e9ficient une organisation p\u00e9dagogique adapt\u00e9e \u00e0 leurs besoins ainsi&nbsp;que&nbsp;des enseignements adapt\u00e9s dans le cadre de regroupement et permet la mise en \u0153uvre de leurs projets personnalis\u00e9s de scolarisation. La classe ULIS de Jean Moulin accueille une douzaine d&rsquo;\u00e9l\u00e8ves en situation de handicap. Ils sont accompagn\u00e9s au &hellip; <a href=\"https:\/\/www.jeanmoulinmarmande.fr\/?page_id=8955\" class=\"more-link\">Continuer la lecture de <span class=\"screen-reader-text\">L&rsquo;ULIS<\/span>  <span class=\"meta-nav\">&rarr;<\/span><\/a><\/p>\n","protected":false},"author":83,"featured_media":0,"parent":0,"menu_order":0,"comment_status":"closed","ping_status":"closed","template":"","meta":{"ngg_post_thumbnail":0,"footnotes":""},"class_list":["post-8955","page","type-page","status-publish","hentry"],"_links":{"self":[{"href":"https:\/\/www.jeanmoulinmarmande.fr\/index.php?rest_route=\/wp\/v2\/pages\/8955","targetHints":{"allow":["GET"]}}],"collection":[{"href":"https:\/\/www.jeanmoulinmarmande.fr\/index.php?rest_route=\/wp\/v2\/pages"}],"about":[{"href":"https:\/\/www.jeanmoulinmarmande.fr\/index.php?rest_route=\/wp\/v2\/types\/page"}],"author":[{"embeddable":true,"href":"https:\/\/www.jeanmoulinmarmande.fr\/index.php?rest_route=\/wp\/v2\/users\/83"}],"replies":[{"embeddable":true,"href":"https:\/\/www.jeanmoulinmarmande.fr\/index.php?rest_route=%2Fwp%2Fv2%2Fcomments&post=8955"}],"version-history":[{"count":2,"href":"https:\/\/www.jeanmoulinmarmande.fr\/index.php?rest_route=\/wp\/v2\/pages\/8955\/revisions"}],"predecessor-version":[{"id":8986,"href":"https:\/\/www.jeanmoulinmarmande.fr\/index.php?rest_route=\/wp\/v2\/pages\/8955\/revisions\/8986"}],"wp:attachment":[{"href":"https:\/\/www.jeanmoulinmarmande.fr\/index.php?rest_route=%2Fwp%2Fv2%2Fmedia&parent=8955"}],"curies":[{"name":"wp","href":"https:\/\/api.w.org\/{rel}","templated":true}]}}