{"id":8953,"date":"2023-04-12T16:39:19","date_gmt":"2023-04-12T14:39:19","guid":{"rendered":"http:\/\/www.jeanmoulinmarmande.fr\/?page_id=8953"},"modified":"2023-04-12T16:39:19","modified_gmt":"2023-04-12T14:39:19","slug":"la-classe-cham-chad","status":"publish","type":"page","link":"https:\/\/www.jeanmoulinmarmande.fr\/?page_id=8953","title":{"rendered":"La classe CHAM\/CHAD"},"content":{"rendered":"<p>Les classes \u00e0 horaires am\u00e9nag\u00e9s sont des dispositifs sp\u00e9cifiques construits en partenariat avec des institutions culturelles.<\/p>\n<p>Le coll\u00e8ge Jean Moulin propose 2 parcours : musiques actuelles et danse en \u00e9troite collaboration avec le Conservatoire municipal de Marmande.<\/p>\n<p>Les admissions se font sur audition et entretien (d\u00e9butants accept\u00e9s).<\/p>\n<a href=\"https:\/\/www.jeanmoulinmarmande.fr\/wp-content\/uploads\/2023\/04\/questions-reponses-cham.pdf\" class=\"pdfemb-viewer\" style=\"\" data-width=\"max\" data-height=\"max\" data-toolbar=\"bottom\" data-toolbar-fixed=\"on\">questions-reponses-cham<\/a>\n<p>En savoir + sur le conservatoire :&nbsp;<a href=\"https:\/\/www.mairie-marmande.fr\/index.php\/le-conservatoire-de-danse-et-musique-maurice-ravel\">https:\/\/www.mairie-marmande.fr\/index.php\/le-conservatoire-de-danse-et-musique-maurice-ravel<\/a><\/p>\n","protected":false},"excerpt":{"rendered":"<p>Les classes \u00e0 horaires am\u00e9nag\u00e9s sont des dispositifs sp\u00e9cifiques construits en partenariat avec des institutions culturelles. Le coll\u00e8ge Jean Moulin propose 2 parcours : musiques actuelles et danse en \u00e9troite collaboration avec le Conservatoire municipal de Marmande. Les admissions se font sur audition et entretien (d\u00e9butants accept\u00e9s). En savoir + sur le conservatoire :&nbsp;https:\/\/www.mairie-marmande.fr\/index.php\/le-conservatoire-de-danse-et-musique-maurice-ravel<\/p>\n","protected":false},"author":83,"featured_media":0,"parent":0,"menu_order":0,"comment_status":"closed","ping_status":"closed","template":"","meta":{"ngg_post_thumbnail":0,"footnotes":""},"class_list":["post-8953","page","type-page","status-publish","hentry"],"_links":{"self":[{"href":"https:\/\/www.jeanmoulinmarmande.fr\/index.php?rest_route=\/wp\/v2\/pages\/8953","targetHints":{"allow":["GET"]}}],"collection":[{"href":"https:\/\/www.jeanmoulinmarmande.fr\/index.php?rest_route=\/wp\/v2\/pages"}],"about":[{"href":"https:\/\/www.jeanmoulinmarmande.fr\/index.php?rest_route=\/wp\/v2\/types\/page"}],"author":[{"embeddable":true,"href":"https:\/\/www.jeanmoulinmarmande.fr\/index.php?rest_route=\/wp\/v2\/users\/83"}],"replies":[{"embeddable":true,"href":"https:\/\/www.jeanmoulinmarmande.fr\/index.php?rest_route=%2Fwp%2Fv2%2Fcomments&post=8953"}],"version-history":[{"count":2,"href":"https:\/\/www.jeanmoulinmarmande.fr\/index.php?rest_route=\/wp\/v2\/pages\/8953\/revisions"}],"predecessor-version":[{"id":8997,"href":"https:\/\/www.jeanmoulinmarmande.fr\/index.php?rest_route=\/wp\/v2\/pages\/8953\/revisions\/8997"}],"wp:attachment":[{"href":"https:\/\/www.jeanmoulinmarmande.fr\/index.php?rest_route=%2Fwp%2Fv2%2Fmedia&parent=8953"}],"curies":[{"name":"wp","href":"https:\/\/api.w.org\/{rel}","templated":true}]}}